830799 (base 10) to base 13
-4c1419
Convert -1913a9 (base 11) to base 9.
-488140
60b9a (base 12) to base 4
132302212
What is -307972 (base 11) in base 14?
-cbc7c
21166176 (base 8) to base 11
2605755
48b4a2 (base 13) to base 2
110101000011110001011
5226646 (base 8) to base 2
101010010110110100110
1112122014 (base 5) to base 13
6808c5
Convert -3063682 (base 9) to base 12.
-66b018
-3000224 (base 5) to base 10
-46939
Convert 252865 (base 11) to base 7.
3251201
What is -35415011 (base 7) in base 9?
-5800768
2413542 (base 6) to base 13
457bb
129212a (base 11) to base 13
6002b8
-50016 (base 12) to base 7
-611220
Convert -326543 (base 8) to base 7.
-635322
Convert 1af3 (base 16) to base 9.
10415
2538004 (base 11) to base 14
828808
3cdbb1 (base 16) to base 5
2010112101
2971a4 (base 12) to base 3
1022101121221
Convert 5533335 (base 6) to base 12.
11424b
Convert -115230253 (base 7) to base 15.
-9787e7
What is -6056554 (base 7) in base 16?
-afd71
What is -110001101110100000 (base 2) in base 14?
-54328
292676 (base 11) to base 9
766317
-19431a (base 11) to base 6
-10222024
What is -1100001101010 (base 2) in base 15?
-1cba
What is -4283760 (base 9) in base 12?
-92a646
29502 (base 14) to base 3
12012121200
What is 1613444 (base 8) in base 3?
212121102020
Convert 20422304 (base 5) to base 15.
35704
Convert -230162 (base 9) to base 15.
-2ace8
Convert -32189 (base 12) to base 14.
-1a041
Convert -656216 (base 9) to base 14.
-a2a30
Convert 628d (base 14) to base 13.
7963
Convert -93697 (base 13) to base 16.
-40a4a
-47646 (base 8) to base 15
-6095
-121130031 (base 4) to base 5
-11313310
What is -1000000101011001100010111 (base 2) in base 5?
-13320013020
-10001111000010001000 (base 2) to base 9
-1082580
Convert -68657 (base 12) to base 8.
-417643
-3732507 (base 11) to base 4
-120300102111
-301401251 (base 6) to base 12
-1869227
What is 385387 (base 15) in base 6?
133515414
510233 (base 7) to base 11
5a03a
Convert 34b68b (base 13) to base 14.
248add
Convert 2ab5ed (base 16) to base 15.
3a455a
What is 1568148 (base 9) in base 6?
30405025
-4035555 (base 8) to base 2
-100000011101101101101
What is 199a410 (base 11) in base 9?
6301080
What is 4770505 (base 8) in base 7?
14052230
-26778 (base 9) to base 2
-100011011010110
4135540 (base 8) to base 14
207888
What is deb03 (base 15) in base 7?
6005466
What is 3204543 (base 6) in base 11?
a7716
-2422543 (base 7) to base 6
-10335134
What is 5266e (base 15) in base 10?
261329
Convert -1168dc (base 14) to base 2.
-10010001001000100010
-6a629 (base 11) to base 2
-11000111000011001
Convert 110110000001000001101 (base 2) to base 7.
21021225
20244221 (base 7) to base 6
100132205
Convert -176501 (base 9) to base 4.
-122302330
-1518240 (base 12) to base 15
-593ab0
Convert 258275 (base 11) to base 12.
177147
Convert -120111220111 (base 3) to base 11.
-199491
What is c26aa (base 15) in base 14?
12058c
Convert -1104322413 (base 5) to base 2.
-1001001110001001010001
Convert 275653 (base 8) to base 6.
2025551
Convert -2535071 (base 8) to base 16.
-aba39
Convert 220123222 (base 6) to base 4.
32333201132
What is 70c36 (base 14) in base 5?
32140222
-38710 (base 16) to base 7
-1652002
7041845 (base 9) to base 13
a12b05
3a8259 (base 11) to base 5
130444032
What is -3321052 (base 7) in base 8?
-1435746
5036441 (base 7) to base 13
17c0b4
Convert 87216 (base 12) to base 10.
178290
What is 28745 (base 13) in base 10?
75938
Convert -572266 (base 8) to base 10.
-193718
Convert 243011424 (base 5) to base 16.
116af1
What is 67295a (base 11) in base 7?
12055066
Convert -10001011100001010000 (base 2) to base 12.
-236868
-161427 (base 10) to base 6
-3243203
Convert -1000022011 (base 3) to base 4.
-10312333
What is -1011221030 (base 4) in base 12?
-1190b8
Convert 32a215 (base 11) to base 5.
113313003
Convert 550aa74 (base 11) to base 10.
9677661
What is -25061 (base 7) in base 3?
-22222222
34032046 (base 8) to base 2
11100000011010000100110
Convert 1b778 (base 13) to base 14.
1597c
Convert -140131050 (base 6) to base 5.
-1204430040
Convert -199388 (base 14) to base 11.
-570a19
What is 1210313210 (base 4) in base 9?
688662
-110939 (base 10) to base 5
-12022224
3142223 (base 7) to base 11
23a68a
What is 206010 (base 7) in base 9?
53843
-2a7813 (base 11) to base 7
-4032644
What is 211341 (base 12) in base 2?
1111111000110100001
10111110101000101000 (base 2) to base 4
2332220220
Convert 403422442 (base 5) to base 9.
3044015
Convert -112101111012122 (base 3) to base 15.
-a10a08
-13221210 (base 4) to base 13
-11352
What is -213554 (base 6) in base 9?
-26257
-7765a84 (base 11) to base 14
-1b49091
Convert -4c467 (base 13) to base 3.
-21011220220
2623034 (base 7) to base 13
bc885
-3bcdc6 (base 15) to base 11
-169681a
Convert -124013032 (base 5) to base 2.
-10010101000001011000
2c6a405 (base 13) to base 2
110110100011111110101111
-405078 (base 9) to base 5
-30134122
Convert -10971a (base 14) to base 10.
-563916
Convert 101001000000000110111 (base 2) to base 4.
11020000313
What is -84aabe (base 16) in base 2?
-100001001010101010111110
Convert 100001100011111001 (base 2) to base 12.
67675
What is 1139180 (base 12) in base 9?
6208286
-7627a4 (base 11) to base 13
-3389cb
What is -2200727 (base 8) in base 7?
-5005656
Convert 30434240 (base 5) to base 15.
4dd15
a82916 (base 11) to base 4
12212231032
What is -35a696 (base 13) in base 15?
-1a42e6
What is 334151003 (base 6) in base 13?
134b3b6
What is 342411413 (base 5) in base 2?
101110101010010010111
6e956 (base 15) to base 11
221326
Convert -e043e (base 15) to base 5.
-140202314
4aa09 (base 11) to base 2
10001110110000101
633412 (base 9) to base 12
161a6b
-434552 (base 8) to base 7
-1144662
-2564115 (base 9) to base 16
-155eb8
-30331021 (base 5) to base 4
-330000001
743350 (base 8) to base 5
30410103
What is 22331312113 (base 4) in base 7?
33302161
Convert 3310442 (base 9) to base 7.
21054551
Convert -18891 (base 11) to base 3.
-1100011012
Convert -1100111010111110111110 (base 2) to base 6.
-200334022
-2163466 (base 7) to base 2
-1000001011000001000
Convert -110011001011100010001 (base 2) to base 5.
-412131243
What is 1951c9 (base 13) in base 5?
130432121
Convert -277b67 (base 14) to base 4.
-11031133333
Convert -1a3267 (base 11) to base 10.
-311769
What is -20010020221120 (base 3) in base 10?
-3252759
306160 (base 12) to base 5
143211310
325262 (base 11) to base 2
1111110110011101000
-149630 (base 16) to base 4
-11021120300
What is 2002020021 (base 3) in base 16?
a021
Convert -382658 (base 10) to base 13.
-105233
-1000011011101001100001 (base 2) to base 16
-21ba61
Convert -1184471 (base 9) to base 14.
-12b750
Convert 39c116 (base 13) to base 5.
324204410
What is -704a73 (base 12) in base 2?
-110101011010011110111
What is 10e30 (base 15) in base 13?
1b660
Convert 24410223 (base 5) to base 6.
4545442
Convert -3512314 (base 6) to base 13.
-64327
Convert 165f0 (base 16) to base 4.
112113300
8323814 (base 9) to base 7
52531102
What is 54306353 (base 7) in base 6?
243245555
212301 (base 7) to base 16
8ff1
cc972 (base 13) to base 3
200211112000
What is -47789 (base 10) in base 9?
-72488
-522355014 (base 6) to base 7
-140124415
-12010210212 (base 3) to base 6
-2100252
Convert 1ba41 (base 14) to base 16.
113d9
Convert -26b662c (base 13) to base 9.
-24868603
29135 (base 11) to base 12
1bb78
15271686 (base 9) to base 4
131000303310
Convert 1333011 (base 6) to base 14.
1d235
200011011310 (base 4) to base 7
131323243
Convert -1627d (base 15) to base 6.
-1310431
-19391 (base 13) to base 4
-23330333
-9d0 (base 15) to base 5
-32340
Convert 21222020200121 (base 3) to base 9.
7866617
-c596 (base 15) to base 2
-1010001100100110
What is 100111102110 (base 3) in base 15?
3a5c3
-21122122111 (base 3) to base 15
-2e981
-517162 (base 12) to base 6
-43213002
What is -1b52c (base 14) in base 16?
-10ff4
Convert -752b7 (base 16) to base 2.
-1110101001010110111
What is 37a2a (base 12) in base 6?
1342454
What is -1011101111111101 (base 2) in base 5?
-3020000
-123403114 (base 5) to base 12
-2530ab
What is 287523 (base 9) in base 14?
48279
-1365435 (base 9) to base 15
-ecc05
What is 7cbba (base 13) in base 12?
b0153
Convert -876854 (base 13) to base 10.
-3184874
What is -302103020 (base 5) in base 13?
-3332b1
What is -10002020112010 (base 3) in ba